Is i(-5) a prime number?
False
Let t(a) = 187*a - 44. Is t(33) prime?
False
Suppose -2*k = 37*k - 6162. Is k a prime number?
False
Let y(w) = -w + 659. Is y(28) a composite number?
False
Suppose 2*z = 4*r - 103434, 0 = 4*z + 1 - 21. Is r a prime number?
False
Suppose 2*g - g = 5. Is ((-5)/1)/g*-401 composite?
False
Let s(g) = -g**3 + 8*g**2 + 6*g - 19. Let b be s(8). Suppose b = 2*w - 15. Is w a composite number?
True
Let f = 250 + -374. Suppose -852 = -2*t - 2*t. Let h = f + t. Is h a composite number?
False
Let b(k) = 5*k**2 + 14*k + 13. Let y be b(-15). Let x = 1317 - y. Is x a prime number?
True
Let d = 79962 - -65773. Is d a composite number?
True
Let f(x) = 270*x + 7. Suppose 115 + 11 = 14*d. Is f(d) prime?
True
Suppose -26*v = -20*v + 18. Is v/(9/(-12)) - -1675 prime?
False
Suppose 6133 + 50247 = 20*i. Is i prime?
True
Suppose 0 = -3*z + 9, -3*a + z = 3 + 12. Is -2*2*467/a a prime number?
True
Suppose 2*o - 21 = 7. Suppose o*h = 12*h. Suppose -2*w + 3*w - 65 = h. Is w composite?
True
Is (12291/24*-6 - -1)*-4 a prime number?
False
Let t(v) = -18287*v + 6. Let w be t(-1). Suppose -4*s - 5*x + 14626 = 0, 0*x - x + w = 5*s. Is s a prime number?
True
Let l(v) = 11*v - 4. Let m be l(4). Let a be (-2)/(-4)*m/5. Suppose 3*r = a*r - 47. Is r prime?
True
Let w(f) = 7*f. Let g be w(1). Let n be (g + -3 - 0) + -2. Suppose -1049 = n*b - 3*b. Is b composite?
False
Let z = -17482 - -37221. Is z a prime number?
True
Let v(y) = 3*y + 30. Let d be v(-10). Suppose -14*k + 17*k - 1893 = d. Is k composite?
False
Suppose -45 = -4*b - 3*j, 3*b = j + 12 + 12. Let d(c) = 11*c - 14*c - b*c - 2. Is d(-4) a composite number?
True
Let q = 17 + -14. Suppose -q*z + 1020 = 51. Is z a composite number?
True
Is -2*(3/7 + 2937/(-42)) composite?
False
Let k = -11 + 16. Suppose k*d - 3*l = 23, -4*d + 9 = -2*d - l. Suppose 0 = 3*n + d*z - 61 - 402, -2*z = -n + 161. Is n prime?
True
Let r be 4/(-14) - (-600)/(-56). Let g = 11 + r. Suppose 2*s - 390 = 4*d, 2*s - 386 = 5*d - g*d. Is s composite?
True
Let b = 1189 + -509. Let f = b + -413. Is f a composite number?
True
Suppose 2*x + 3*j + 12 - 32 = 0, 0 = -3*j + 12. Is (1 - x/2)/(29/(-63887)) composite?
False
Is (119116 + (1 - -4))*(-1)/(-3) a prime number?
False
Let g = -7 - -7. Suppose g = l - 2*l. Suppose i + 3*y - 187 = y, l = i - 3*y - 197. Is i a prime number?
True
Let c = -20 - -69. Let j be (-2*c)/(-1) + 0. Suppose 4*r - j = -2*p + 2*r, -5*p + 229 = -3*r. Is p a composite number?
False
Suppose 0 = -26*k + 106589 + 121353. Is k composite?
True
Suppose 5*a - 8*a + 2064 = 0. Suppose a = 5*c - 1207. Is c composite?
False
Suppose k - a - 16495 = 0, 33018 = 347*k - 345*k + 5*a. Is k a composite number?
True
Let t(l) = 2*l**2 - 3*l - 2. Let p be t(-1). Suppose -p*w = w - 8. Suppose -253 = -2*y + 3*k, 0 = -w*y - y - 2*k + 412. Is y composite?
True
Let c = -208 - -348. Let l be 2/4 + 1623/6. Let q = l - c. Is q a composite number?
False
Let n be (1 + -3)/(6/(-1218)). Suppose 0 = -2*r - r - 2*u - 1162, 4*u - n = r. Let j = -229 - r. Is j a composite number?
True
Suppose -5*t + 31 - 6 = 0. Suppose -o - 3*g + 67 = -7, 0 = t*g. Is o composite?
True
Is (2/(-3))/(-4 + (-295748)/(-73938)) a composite number?
False
Suppose -3755263 + 1125646 = -41*f. Is f prime?
False
Let d be (-7)/14*0/(-2). Let z be ((-5)/(-3))/(-5)*d. Suppose 4*g - 845 = -o, 2*g - 4*o - 418 = -z*o. Is g a composite number?
False
Let m = -6 - -11. Let k(s) = s**3 + 5*s**2 + 2*s + 6. Let n be k(m). Suppose 4*v + 82 = n. Is v a prime number?
False
Is 4/22 - (-138285)/99 prime?
False
Let s(z) = -131*z. Suppose -3*n - 6 = -45. Let k(a) = -65*a. Let q(j) = n*k(j) - 6*s(j). Is q(-1) composite?
False
Suppose 0 = -108*a + 107*a - 3. Is -3*(269/a - -4) prime?
True
Is 2 - (-845332)/32 - (-3)/8 a composite number?
True
Suppose -6*v = -97423 + 1741. Is v composite?
True
Let h = -555 - -3182. Is h prime?
False
Suppose 7*g - 16 = 3*g. Suppose 0*c + 348 = g*c - 3*m, 5*m = -5*c + 435. Is c composite?
True
Let s(x) = 18*x**2 + 19*x + 227. Let t be s(-14). Let u be 2/(-3)*6/(-2). Suppose t = r + u*r. Is r prime?
True
Let t = 8346 + -4655. Is t a composite number?
False
Suppose -8 = 2*r - 3*r. Let y(t) = -t**3 + 7*t**2 + 7*t + 6. Let l be y(r). Is 200 - (18/3)/l composite?
True
Let w = 8 + -5. Let h(k) = -7 + 11*k + 0*k**3 + k**w + 18 + 9*k**2 - 2*k**3. Is h(10) a prime number?
False
Let t(r) = -r**2 + 8*r - 8. Let a be t(5). Suppose 0 = h + a - 164. Is h a prime number?
True
Let f be 2 + (4 - 8) + 1. Let s(l) = -15*l**2 - 2*l - 2. Let o be s(f). Is (-2)/o - 36157/(-285) a prime number?
True
Suppose 0 = -2*q + 33077 + 17101. Is q a composite number?
True
Suppose -4*t + 3*x = -21, -28 = -6*t + 2*t - 4*x. Let c(o) = o**3 + 2*o**2 - 14*o - 1. Let v be c(t). Suppose 0 = 5*a - v - 1862. Is a a composite number?
True
Let l = 19 - -2. Let o = l + -16. Suppose 4*k - 634 = -3*f, 0*f - 775 = -5*k + o*f. Is k a composite number?
False
Let v = 92 - 55. Suppose -7*n - 897 = -20*n. Suppose n = 2*a - v. Is a a prime number?
True
Let o(h) = 7*h**2 - 32*h - 56. Let i be o(26). Suppose d = 3*q - i + 203, 0 = 2*q + 3*d - 2420. Is q a composite number?
False
Let s(y) = 57*y - 4. Let o(t) = -86*t + 6. Let l(q) = 5*o(q) + 7*s(q). Let u be l(-4). Suppose x - 2*i = 77, 0 = -2*x - 4*i + 28 + u. Is x a composite number?
True
Suppose -4*b - 49005 + 159705 = -2*s, 0 = -8*b + 5*s + 221404. Is b composite?
False
Is -3713*((-1)/4 + 12/(-16)) composite?
True
Suppose 0 = -0*b - 3*b + 9. Let s(u) be the second derivative of 19*u**4/3 + u**3/2 + u**2 - u - 26. Is s(b) a composite number?
True
Let p = 206 + -16. Suppose 2*i - p = 108. Is i prime?
True
Suppose 2*m + 141661 = 3*d, 2*d = m + 26845 + 67596. Is d composite?
False
Suppose -2*s + 6 = -0*s. Let w(b) = 55*b**3 + 2*b**2 - 8*b + 10. Let v be w(2). Suppose 0 = -s*c + 5*c - v. Is c composite?
True
Suppose 8*v - 26874 = -3690. Suppose 6*l + 444 = v. Is l a composite number?
False
Let f(i) = i + 8. Let c be f(-6). Let b(y) = 0*y + 6*y**c - 5*y + 1 - 2*y**3 + 3*y**3 + y. Is b(-5) composite?
True
Let a = 14 + -9. Let t be (-3213)/(-42) + ((-2)/(-4) - -1). Suppose -3*d - t = -a*d. Is d composite?
True
Let w(v) = -96 + 100*v + 220 - 106. Is w(2) a composite number?
True
Let f(t) = -t. Let v be f(-5). Suppose -v*b = 3*r - 32, -2*b - 4 = 3*r - 6*r. Suppose u - 4*o - 109 = 0, b*o = u + 5*o - 114. Is u prime?
True
Suppose 0 = -205*j + 253*j - 1563696. Is j composite?
True
Let y = 34 + 3. Suppose 3*q + 2*s - y = 0, 0*q + 3*s - 18 = -2*q. Is q/2*322/21 a prime number?
False
Suppose -5*z + 14 = -6. Suppose z*q - 6*q = -18. Suppose -140 = 5*a - q*a. Is a a composite number?
True
Suppose 0 = d + f - 1, 11 + 0 = 3*d - f. Suppose z + q = -3*q - d, -22 = -4*z + q. Suppose -3*l = -4*l - z*a + 64, 4*l + 2*a - 238 = 0. Is l composite?
False
Suppose 0 = -4*l - 0*l + 12. Suppose -l*y - y = s - 952, -5*s + 4828 = 3*y. Let c = s - 637. Is c composite?
False
Suppose -5*b + 11 = 3*a, b = -5*a + 3 + 8. Let w be -1 - (4/a - 8). Is (397 - 0)*(6 - w) a prime number?
True
Let c(b) = 3*b**3 + 3*b**2 + 4*b. Suppose -4*x = 4*f - 16, 4*f + x - 24 = 5*x. Let z be c(f). Suppose -a - 4*a = -z. Is a a composite number?
True
Is -5 + 2/(0 - 5/(-310)) composite?
True
Let n = 14411 + -7458. Is n a prime number?
False
Suppose 0 = 9*u - 4*u - 20. Is 60*(-3 + u) - 3 composite?
True
Suppose 42*m - 109046 = 28*m. Is m composite?
False
Suppose 4*g - 5*y = 10547, 0 + 9 = -3*y. Is g composite?
False
Let x(d) = -131*d**3 + d**2 + 5*d + 9. Let c be x(-2). Suppose -5*o + c + 1814 = 0. Is o composite?
True
Let m = 430 - 202. Suppose 2*t - 780 = -m. Suppose t = 5*q + 41. Is q prime?
True
Let k = 9485 + -6322. Is k prime?
True
Let y(k) = 122*k**2 + 3*k + 11. Suppose 4*t = -0*n - n - 20, -2*t + n - 16 = 0. Is y(t) prime?
False
Suppose 4*t = -5*i + 23, 2*i - 5 = -3*i + 5*t. Suppose 2*f = i*f - 507. Suppose -2*c = c - f. Is c prime?
False
Let b(l) = -283*l + 5. Let s be (-1 - -2)/(20/8 + -3). Is b(s) a prime number?
True
Is 3 + ((-2)/(-4) - (-40917)/6) a composite number?
False
Let z(h) = -3*h + 24. Let u be z(8). Suppose 4*o - 12*o + 10600 = u. Suppose -o = 16*x - 21*x. Is x composite?
True
Suppose -172*q + 191*q = 360335. Is q composite?
True
Let w(r) = r - 18. Let b be w(15). Is b/(-2)*506/3 prime?
False
Let y = -677 + 